{"id":82,"date":"2019-10-19T01:20:10","date_gmt":"2019-10-18T23:20:10","guid":{"rendered":"https:\/\/robinet.ns-info90.fr\/?page_id=82"},"modified":"2026-02-11T15:52:58","modified_gmt":"2026-02-11T14:52:58","slug":"ets-robinet","status":"publish","type":"page","link":"https:\/\/www.ets-robinet.fr\/","title":{"rendered":"ETS-ROBINET"},"content":{"rendered":"\n<p>Bonjour et bienvenue sur le site internet des Etablissements ROBINET \u00e0 Offemont (Territoire de Belfort)<\/p>\n\n\n\n<p>Nous sommes \u00e0 votre service depuis 1923.<\/p>\n\n\n\n<p>Nous assurons:<\/p>\n\n\n\n<ul class=\"wp-block-list\">\n<li>l\u2019installation et l\u2019entretien et le d\u00e9pannage des chaudi\u00e8res Fioul, Gaz, toutes marques<\/li>\n\n\n\n<li> l&rsquo;installation des chaudi\u00e8res \u00e0 pellets \u00f6kofen et Hargassner<\/li>\n\n\n\n<li> le ramonage<\/li>\n\n\n\n<li> le nettoyage et la destruction de cuves fioul<\/li>\n<\/ul>\n\n\n\n<p>Installateur agr\u00e9e MULTIBETON pour la r\u00e9alisation de plancher chauffant \/ rafraichissant ainsi qu&rsquo;installateur de syst\u00e8me solaire Solisart et Clipsol pour les syt\u00e8mes solaire<\/p>\n\n\n\n<p>Tout travaux d\u2019installation sanitaire (WC, douche, \u2026)<\/p>\n\n\n\n<p>Nous assurons la distribution de fioul domestique \u00e0 domicile, nous livrons du charbon (anthracite, boulets, briquettes, coke de p\u00e9trole), du bois et des granul\u00e9s de bois en sac conditionn\u00e9s<\/p>\n\n\n\n<p>Nous assurons \u00e9galement la vente au d\u00e9tail<\/p>\n\n\n\n<ul class=\"wp-block-list\">\n<li>de fioul domestique (chauffage)<\/li>\n\n\n\n<li> de Gazole Non Routier ( engins de chantier, machines agricoles)<\/li>\n\n\n\n<li> de carburants <\/li>\n<\/ul>\n\n\n\n<p>\n\nNous sommes distributeur EXPERT de l\u2019Air Liquide\n\n<\/p>\n\n\n<div class=\"wp-block-image\">\n<figure class=\"aligncenter\"><img loading=\"lazy\" decoding=\"async\" width=\"108\" height=\"49\" src=\"https:\/\/www.ets-robinet.fr\/wp-content\/uploads\/2019\/10\/AL_EXPERT.png\" alt=\"\" class=\"wp-image-32\"\/><\/figure>\n<\/div>\n\n\n<div class=\"wp-block-columns is-layout-flex wp-container-core-columns-is-layout-9d6595d7 wp-block-columns-is-layout-flex\">\n<div class=\"wp-block-column is-layout-flow wp-block-column-is-layout-flow\">\n<figure class=\"wp-block-image size-large is-style-circle-mask\"><img loading=\"lazy\" decoding=\"async\" width=\"247\" height=\"200\" src=\"https:\/\/robinet.ns-info90.fr\/wp-content\/uploads\/2019\/10\/camion.jpg\" alt=\"\" class=\"wp-image-35\"\/><\/figure>\n<\/div>\n\n\n\n<div class=\"wp-block-column is-layout-flow wp-block-column-is-layout-flow\">\n<figure class=\"wp-block-image size-large\"><img loading=\"lazy\" decoding=\"async\" width=\"600\" height=\"320\" src=\"https:\/\/robinet.ns-info90.fr\/wp-content\/uploads\/2019\/10\/accueil.jpg\" alt=\"\" class=\"wp-image-36\" srcset=\"https:\/\/www.ets-robinet.fr\/wp-content\/uploads\/2019\/10\/accueil.jpg 600w, https:\/\/www.ets-robinet.fr\/wp-content\/uploads\/2019\/10\/accueil-300x160.jpg 300w\" sizes=\"auto, (max-width: 600px) 100vw, 600px\" \/><\/figure>\n<\/div>\n\n\n\n<div class=\"wp-block-column is-layout-flow wp-block-column-is-layout-flow\">\n<figure class=\"wp-block-image size-large is-style-circle-mask\"><img loading=\"lazy\" decoding=\"async\" width=\"800\" height=\"600\" src=\"https:\/\/robinet.ns-info90.fr\/wp-content\/uploads\/2019\/10\/zoom-install-sanitaire.png\" alt=\"\" class=\"wp-image-37\" srcset=\"https:\/\/www.ets-robinet.fr\/wp-content\/uploads\/2019\/10\/zoom-install-sanitaire.png 800w, https:\/\/www.ets-robinet.fr\/wp-content\/uploads\/2019\/10\/zoom-install-sanitaire-300x225.png 300w, https:\/\/www.ets-robinet.fr\/wp-content\/uploads\/2019\/10\/zoom-install-sanitaire-768x576.png 768w\" sizes=\"auto, (max-width: 800px) 100vw, 800px\" \/><\/figure>\n<\/div>\n<\/div>\n","protected":false},"excerpt":{"rendered":"<p>Bonjour et bienvenue sur le site internet des Etablissements ROBINET \u00e0 Offemont (Territoire de Belfort) Nous sommes \u00e0 votre service depuis 1923. Nous assurons: Installateur agr\u00e9e MULTIBETON pour la r\u00e9alisation de plancher chauffant \/ rafraichissant ainsi qu&rsquo;installateur de syst\u00e8me solaire Solisart et Clipsol pour les syt\u00e8mes solaire Tout travaux d\u2019installation sanitaire (WC, douche, \u2026) Nous [&hellip;]<\/p>\n","protected":false},"author":1,"featured_media":0,"parent":0,"menu_order":0,"comment_status":"closed","ping_status":"closed","template":"","meta":{"footnotes":""},"class_list":["post-82","page","type-page","status-publish","hentry"],"yoast_head":"<!-- This site is optimized with the Yoast SEO plugin v27.3 - https:\/\/yoast.com\/product\/yoast-seo-wordpress\/ -->\n<title>ETS-ROBINET - ETS -ROBINET<\/title>\n<meta name=\"robots\" content=\"index, follow, max-snippet:-1, max-image-preview:large, max-video-preview:-1\" \/>\n<link rel=\"canonical\" href=\"https:\/\/www.ets-robinet.fr\/\" \/>\n<meta property=\"og:locale\" content=\"fr_FR\" \/>\n<meta property=\"og:type\" content=\"article\" \/>\n<meta property=\"og:title\" content=\"ETS-ROBINET - ETS -ROBINET\" \/>\n<meta property=\"og:description\" content=\"Bonjour et bienvenue sur le site internet des Etablissements ROBINET \u00e0 Offemont (Territoire de Belfort) Nous sommes \u00e0 votre service depuis 1923. Nous assurons: Installateur agr\u00e9e MULTIBETON pour la r\u00e9alisation de plancher chauffant \/ rafraichissant ainsi qu&rsquo;installateur de syst\u00e8me solaire Solisart et Clipsol pour les syt\u00e8mes solaire Tout travaux d\u2019installation sanitaire (WC, douche, \u2026) Nous [&hellip;]\" \/>\n<meta property=\"og:url\" content=\"https:\/\/www.ets-robinet.fr\/\" \/>\n<meta property=\"og:site_name\" content=\"ETS -ROBINET\" \/>\n<meta property=\"article:modified_time\" content=\"2026-02-11T14:52:58+00:00\" \/>\n<meta property=\"og:image\" content=\"https:\/\/www.ets-robinet.fr\/wp-content\/uploads\/2019\/10\/AL_EXPERT.png\" \/>\n\t<meta property=\"og:image:width\" content=\"108\" \/>\n\t<meta property=\"og:image:height\" content=\"49\" \/>\n\t<meta property=\"og:image:type\" content=\"image\/png\" \/>\n<meta name=\"twitter:card\" content=\"summary_large_image\" \/>\n<meta name=\"twitter:label1\" content=\"Dur\u00e9e de lecture estim\u00e9e\" \/>\n\t<meta name=\"twitter:data1\" content=\"2 minutes\" \/>\n<script type=\"application\/ld+json\" class=\"yoast-schema-graph\">{\"@context\":\"https:\\\/\\\/schema.org\",\"@graph\":[{\"@type\":\"WebPage\",\"@id\":\"https:\\\/\\\/www.ets-robinet.fr\\\/\",\"url\":\"https:\\\/\\\/www.ets-robinet.fr\\\/\",\"name\":\"ETS-ROBINET - ETS -ROBINET\",\"isPartOf\":{\"@id\":\"https:\\\/\\\/www.ets-robinet.fr\\\/#website\"},\"primaryImageOfPage\":{\"@id\":\"https:\\\/\\\/www.ets-robinet.fr\\\/#primaryimage\"},\"image\":{\"@id\":\"https:\\\/\\\/www.ets-robinet.fr\\\/#primaryimage\"},\"thumbnailUrl\":\"https:\\\/\\\/www.ets-robinet.fr\\\/wp-content\\\/uploads\\\/2019\\\/10\\\/AL_EXPERT.png\",\"datePublished\":\"2019-10-18T23:20:10+00:00\",\"dateModified\":\"2026-02-11T14:52:58+00:00\",\"breadcrumb\":{\"@id\":\"https:\\\/\\\/www.ets-robinet.fr\\\/#breadcrumb\"},\"inLanguage\":\"fr-FR\",\"potentialAction\":[{\"@type\":\"ReadAction\",\"target\":[\"https:\\\/\\\/www.ets-robinet.fr\\\/\"]}]},{\"@type\":\"ImageObject\",\"inLanguage\":\"fr-FR\",\"@id\":\"https:\\\/\\\/www.ets-robinet.fr\\\/#primaryimage\",\"url\":\"https:\\\/\\\/www.ets-robinet.fr\\\/wp-content\\\/uploads\\\/2019\\\/10\\\/AL_EXPERT.png\",\"contentUrl\":\"https:\\\/\\\/www.ets-robinet.fr\\\/wp-content\\\/uploads\\\/2019\\\/10\\\/AL_EXPERT.png\",\"width\":108,\"height\":49},{\"@type\":\"BreadcrumbList\",\"@id\":\"https:\\\/\\\/www.ets-robinet.fr\\\/#breadcrumb\",\"itemListElement\":[{\"@type\":\"ListItem\",\"position\":1,\"name\":\"Accueil\",\"item\":\"https:\\\/\\\/www.ets-robinet.fr\\\/\"},{\"@type\":\"ListItem\",\"position\":2,\"name\":\"ETS-ROBINET\"}]},{\"@type\":\"WebSite\",\"@id\":\"https:\\\/\\\/www.ets-robinet.fr\\\/#website\",\"url\":\"https:\\\/\\\/www.ets-robinet.fr\\\/\",\"name\":\"ETS -ROBINET\",\"description\":\"L&#039;\u00e9nergie est notre avenir, \u00e9conomisons la\",\"potentialAction\":[{\"@type\":\"SearchAction\",\"target\":{\"@type\":\"EntryPoint\",\"urlTemplate\":\"https:\\\/\\\/www.ets-robinet.fr\\\/?s={search_term_string}\"},\"query-input\":{\"@type\":\"PropertyValueSpecification\",\"valueRequired\":true,\"valueName\":\"search_term_string\"}}],\"inLanguage\":\"fr-FR\"}]}<\/script>\n<!-- \/ Yoast SEO plugin. -->","yoast_head_json":{"title":"ETS-ROBINET - ETS -ROBINET","robots":{"index":"index","follow":"follow","max-snippet":"max-snippet:-1","max-image-preview":"max-image-preview:large","max-video-preview":"max-video-preview:-1"},"canonical":"https:\/\/www.ets-robinet.fr\/","og_locale":"fr_FR","og_type":"article","og_title":"ETS-ROBINET - ETS -ROBINET","og_description":"Bonjour et bienvenue sur le site internet des Etablissements ROBINET \u00e0 Offemont (Territoire de Belfort) Nous sommes \u00e0 votre service depuis 1923. Nous assurons: Installateur agr\u00e9e MULTIBETON pour la r\u00e9alisation de plancher chauffant \/ rafraichissant ainsi qu&rsquo;installateur de syst\u00e8me solaire Solisart et Clipsol pour les syt\u00e8mes solaire Tout travaux d\u2019installation sanitaire (WC, douche, \u2026) Nous [&hellip;]","og_url":"https:\/\/www.ets-robinet.fr\/","og_site_name":"ETS -ROBINET","article_modified_time":"2026-02-11T14:52:58+00:00","og_image":[{"width":108,"height":49,"url":"https:\/\/www.ets-robinet.fr\/wp-content\/uploads\/2019\/10\/AL_EXPERT.png","type":"image\/png"}],"twitter_card":"summary_large_image","twitter_misc":{"Dur\u00e9e de lecture estim\u00e9e":"2 minutes"},"schema":{"@context":"https:\/\/schema.org","@graph":[{"@type":"WebPage","@id":"https:\/\/www.ets-robinet.fr\/","url":"https:\/\/www.ets-robinet.fr\/","name":"ETS-ROBINET - ETS -ROBINET","isPartOf":{"@id":"https:\/\/www.ets-robinet.fr\/#website"},"primaryImageOfPage":{"@id":"https:\/\/www.ets-robinet.fr\/#primaryimage"},"image":{"@id":"https:\/\/www.ets-robinet.fr\/#primaryimage"},"thumbnailUrl":"https:\/\/www.ets-robinet.fr\/wp-content\/uploads\/2019\/10\/AL_EXPERT.png","datePublished":"2019-10-18T23:20:10+00:00","dateModified":"2026-02-11T14:52:58+00:00","breadcrumb":{"@id":"https:\/\/www.ets-robinet.fr\/#breadcrumb"},"inLanguage":"fr-FR","potentialAction":[{"@type":"ReadAction","target":["https:\/\/www.ets-robinet.fr\/"]}]},{"@type":"ImageObject","inLanguage":"fr-FR","@id":"https:\/\/www.ets-robinet.fr\/#primaryimage","url":"https:\/\/www.ets-robinet.fr\/wp-content\/uploads\/2019\/10\/AL_EXPERT.png","contentUrl":"https:\/\/www.ets-robinet.fr\/wp-content\/uploads\/2019\/10\/AL_EXPERT.png","width":108,"height":49},{"@type":"BreadcrumbList","@id":"https:\/\/www.ets-robinet.fr\/#breadcrumb","itemListElement":[{"@type":"ListItem","position":1,"name":"Accueil","item":"https:\/\/www.ets-robinet.fr\/"},{"@type":"ListItem","position":2,"name":"ETS-ROBINET"}]},{"@type":"WebSite","@id":"https:\/\/www.ets-robinet.fr\/#website","url":"https:\/\/www.ets-robinet.fr\/","name":"ETS -ROBINET","description":"L&#039;\u00e9nergie est notre avenir, \u00e9conomisons la","potentialAction":[{"@type":"SearchAction","target":{"@type":"EntryPoint","urlTemplate":"https:\/\/www.ets-robinet.fr\/?s={search_term_string}"},"query-input":{"@type":"PropertyValueSpecification","valueRequired":true,"valueName":"search_term_string"}}],"inLanguage":"fr-FR"}]}},"_links":{"self":[{"href":"https:\/\/www.ets-robinet.fr\/index.php?rest_route=\/wp\/v2\/pages\/82","targetHints":{"allow":["GET"]}}],"collection":[{"href":"https:\/\/www.ets-robinet.fr\/index.php?rest_route=\/wp\/v2\/pages"}],"about":[{"href":"https:\/\/www.ets-robinet.fr\/index.php?rest_route=\/wp\/v2\/types\/page"}],"author":[{"embeddable":true,"href":"https:\/\/www.ets-robinet.fr\/index.php?rest_route=\/wp\/v2\/users\/1"}],"replies":[{"embeddable":true,"href":"https:\/\/www.ets-robinet.fr\/index.php?rest_route=%2Fwp%2Fv2%2Fcomments&post=82"}],"version-history":[{"count":5,"href":"https:\/\/www.ets-robinet.fr\/index.php?rest_route=\/wp\/v2\/pages\/82\/revisions"}],"predecessor-version":[{"id":234,"href":"https:\/\/www.ets-robinet.fr\/index.php?rest_route=\/wp\/v2\/pages\/82\/revisions\/234"}],"wp:attachment":[{"href":"https:\/\/www.ets-robinet.fr\/index.php?rest_route=%2Fwp%2Fv2%2Fmedia&parent=82"}],"curies":[{"name":"wp","href":"https:\/\/api.w.org\/{rel}","templated":true}]}}