{"id":123,"date":"2019-10-19T02:49:36","date_gmt":"2019-10-19T00:49:36","guid":{"rendered":"https:\/\/robinet.ns-info90.fr\/?page_id=123"},"modified":"2026-02-11T15:58:28","modified_gmt":"2026-02-11T14:58:28","slug":"plancher-chauffant","status":"publish","type":"page","link":"https:\/\/www.ets-robinet.fr\/?page_id=123","title":{"rendered":"Plancher chauffant"},"content":{"rendered":"\n<p> Nous r\u00e9alisons des installations de plancher chauffant Multib\u00e9ton.<\/p>\n\n\n<div class=\"wp-block-image\">\n<figure class=\"aligncenter\"><img loading=\"lazy\" decoding=\"async\" width=\"267\" height=\"200\" src=\"https:\/\/www.ets-robinet.fr\/wp-content\/uploads\/2019\/10\/IMGP0813.jpg\" alt=\"\" class=\"wp-image-124\"\/><\/figure>\n<\/div>\n\n\n<p>\n\nLes tuyaux du plancher chauffant sont fix\u00e9s que des rails \u00e0 clips m\u00e9talliques simplement pos\u00e9 sur l&rsquo;isolant de sol ce qui permet une transmission de chaleur optimale tout en pr\u00e9servant l&rsquo;int\u00e9grit\u00e9 physique et donc la r\u00e9sistance thermique de l&rsquo;isolant.\n\n<\/p>\n\n\n\n<figure class=\"wp-block-gallery aligncenter has-nested-images columns-default is-cropped wp-block-gallery-1 is-layout-flex wp-block-gallery-is-layout-flex\">\n<figure class=\"wp-block-image\"><img loading=\"lazy\" decoding=\"async\" width=\"302\" height=\"200\" data-id=\"125\" src=\"https:\/\/www.ets-robinet.fr\/wp-content\/uploads\/2019\/10\/DSC_0618.jpg\" alt=\"\" class=\"wp-image-125\" srcset=\"https:\/\/www.ets-robinet.fr\/wp-content\/uploads\/2019\/10\/DSC_0618.jpg 302w, https:\/\/www.ets-robinet.fr\/wp-content\/uploads\/2019\/10\/DSC_0618-300x199.jpg 300w\" sizes=\"auto, (max-width: 302px) 100vw, 302px\" \/><figcaption class=\"wp-element-caption\"> <em>Mise en place du filet de maintien<\/em> <\/figcaption><\/figure>\n\n\n\n<figure class=\"wp-block-image\"><img loading=\"lazy\" decoding=\"async\" width=\"302\" height=\"200\" data-id=\"126\" src=\"https:\/\/www.ets-robinet.fr\/wp-content\/uploads\/2019\/10\/DSC_0622.jpg\" alt=\"\" class=\"wp-image-126\" srcset=\"https:\/\/www.ets-robinet.fr\/wp-content\/uploads\/2019\/10\/DSC_0622.jpg 302w, https:\/\/www.ets-robinet.fr\/wp-content\/uploads\/2019\/10\/DSC_0622-300x199.jpg 300w\" sizes=\"auto, (max-width: 302px) 100vw, 302px\" \/><figcaption class=\"wp-element-caption\"> <em>Coulage d&rsquo;une chape fluide mince<\/em> <\/figcaption><\/figure>\n\n\n\n<figure class=\"wp-block-image\"><img loading=\"lazy\" decoding=\"async\" width=\"302\" height=\"200\" data-id=\"127\" src=\"https:\/\/www.ets-robinet.fr\/wp-content\/uploads\/2019\/10\/PLANCHER_FINI.jpg\" alt=\"\" class=\"wp-image-127\" srcset=\"https:\/\/www.ets-robinet.fr\/wp-content\/uploads\/2019\/10\/PLANCHER_FINI.jpg 302w, https:\/\/www.ets-robinet.fr\/wp-content\/uploads\/2019\/10\/PLANCHER_FINI-300x199.jpg 300w\" sizes=\"auto, (max-width: 302px) 100vw, 302px\" \/><figcaption class=\"wp-element-caption\"> <em>Plancher chauffant fini<\/em> <\/figcaption><\/figure>\n<\/figure>\n","protected":false},"excerpt":{"rendered":"<p>Nous r\u00e9alisons des installations de plancher chauffant Multib\u00e9ton. Les tuyaux du plancher chauffant sont fix\u00e9s que des rails \u00e0 clips m\u00e9talliques simplement pos\u00e9 sur l&rsquo;isolant de sol ce qui permet une transmission de chaleur optimale tout en pr\u00e9servant l&rsquo;int\u00e9grit\u00e9 physique et donc la r\u00e9sistance thermique de l&rsquo;isolant.<\/p>\n","protected":false},"author":1,"featured_media":0,"parent":0,"menu_order":0,"comment_status":"closed","ping_status":"closed","template":"","meta":{"footnotes":""},"class_list":["post-123","page","type-page","status-publish","hentry"],"yoast_head":"<!-- This site is optimized with the Yoast SEO plugin v27.6 - https:\/\/yoast.com\/product\/yoast-seo-wordpress\/ -->\n<title>Plancher chauffant - ETS -ROBINET<\/title>\n<meta name=\"robots\" content=\"index, follow, max-snippet:-1, max-image-preview:large, max-video-preview:-1\" \/>\n<link rel=\"canonical\" href=\"https:\/\/www.ets-robinet.fr\/?page_id=123\" \/>\n<meta property=\"og:locale\" content=\"fr_FR\" \/>\n<meta property=\"og:type\" content=\"article\" \/>\n<meta property=\"og:title\" content=\"Plancher chauffant - ETS -ROBINET\" \/>\n<meta property=\"og:description\" content=\"Nous r\u00e9alisons des installations de plancher chauffant Multib\u00e9ton. Les tuyaux du plancher chauffant sont fix\u00e9s que des rails \u00e0 clips m\u00e9talliques simplement pos\u00e9 sur l&rsquo;isolant de sol ce qui permet une transmission de chaleur optimale tout en pr\u00e9servant l&rsquo;int\u00e9grit\u00e9 physique et donc la r\u00e9sistance thermique de l&rsquo;isolant.\" \/>\n<meta property=\"og:url\" content=\"https:\/\/www.ets-robinet.fr\/?page_id=123\" \/>\n<meta property=\"og:site_name\" content=\"ETS -ROBINET\" \/>\n<meta property=\"article:modified_time\" content=\"2026-02-11T14:58:28+00:00\" \/>\n<meta property=\"og:image\" content=\"https:\/\/www.ets-robinet.fr\/wp-content\/uploads\/2019\/10\/IMGP0813.jpg\" \/>\n\t<meta property=\"og:image:width\" content=\"267\" \/>\n\t<meta property=\"og:image:height\" content=\"200\" \/>\n\t<meta property=\"og:image:type\" content=\"image\/jpeg\" \/>\n<meta name=\"twitter:card\" content=\"summary_large_image\" \/>\n<meta name=\"twitter:label1\" content=\"Dur\u00e9e de lecture estim\u00e9e\" \/>\n\t<meta name=\"twitter:data1\" content=\"2 minutes\" \/>\n<script type=\"application\/ld+json\" class=\"yoast-schema-graph\">{\"@context\":\"https:\\\/\\\/schema.org\",\"@graph\":[{\"@type\":\"WebPage\",\"@id\":\"https:\\\/\\\/www.ets-robinet.fr\\\/?page_id=123\",\"url\":\"https:\\\/\\\/www.ets-robinet.fr\\\/?page_id=123\",\"name\":\"Plancher chauffant - ETS -ROBINET\",\"isPartOf\":{\"@id\":\"https:\\\/\\\/www.ets-robinet.fr\\\/#website\"},\"primaryImageOfPage\":{\"@id\":\"https:\\\/\\\/www.ets-robinet.fr\\\/?page_id=123#primaryimage\"},\"image\":{\"@id\":\"https:\\\/\\\/www.ets-robinet.fr\\\/?page_id=123#primaryimage\"},\"thumbnailUrl\":\"https:\\\/\\\/www.ets-robinet.fr\\\/wp-content\\\/uploads\\\/2019\\\/10\\\/IMGP0813.jpg\",\"datePublished\":\"2019-10-19T00:49:36+00:00\",\"dateModified\":\"2026-02-11T14:58:28+00:00\",\"breadcrumb\":{\"@id\":\"https:\\\/\\\/www.ets-robinet.fr\\\/?page_id=123#breadcrumb\"},\"inLanguage\":\"fr-FR\",\"potentialAction\":[{\"@type\":\"ReadAction\",\"target\":[\"https:\\\/\\\/www.ets-robinet.fr\\\/?page_id=123\"]}]},{\"@type\":\"ImageObject\",\"inLanguage\":\"fr-FR\",\"@id\":\"https:\\\/\\\/www.ets-robinet.fr\\\/?page_id=123#primaryimage\",\"url\":\"https:\\\/\\\/www.ets-robinet.fr\\\/wp-content\\\/uploads\\\/2019\\\/10\\\/IMGP0813.jpg\",\"contentUrl\":\"https:\\\/\\\/www.ets-robinet.fr\\\/wp-content\\\/uploads\\\/2019\\\/10\\\/IMGP0813.jpg\",\"width\":267,\"height\":200},{\"@type\":\"BreadcrumbList\",\"@id\":\"https:\\\/\\\/www.ets-robinet.fr\\\/?page_id=123#breadcrumb\",\"itemListElement\":[{\"@type\":\"ListItem\",\"position\":1,\"name\":\"Accueil\",\"item\":\"https:\\\/\\\/www.ets-robinet.fr\\\/\"},{\"@type\":\"ListItem\",\"position\":2,\"name\":\"Plancher chauffant\"}]},{\"@type\":\"WebSite\",\"@id\":\"https:\\\/\\\/www.ets-robinet.fr\\\/#website\",\"url\":\"https:\\\/\\\/www.ets-robinet.fr\\\/\",\"name\":\"ETS -ROBINET\",\"description\":\"L&#039;\u00e9nergie est notre avenir, \u00e9conomisons la\",\"potentialAction\":[{\"@type\":\"SearchAction\",\"target\":{\"@type\":\"EntryPoint\",\"urlTemplate\":\"https:\\\/\\\/www.ets-robinet.fr\\\/?s={search_term_string}\"},\"query-input\":{\"@type\":\"PropertyValueSpecification\",\"valueRequired\":true,\"valueName\":\"search_term_string\"}}],\"inLanguage\":\"fr-FR\"}]}<\/script>\n<!-- \/ Yoast SEO plugin. -->","yoast_head_json":{"title":"Plancher chauffant - ETS -ROBINET","robots":{"index":"index","follow":"follow","max-snippet":"max-snippet:-1","max-image-preview":"max-image-preview:large","max-video-preview":"max-video-preview:-1"},"canonical":"https:\/\/www.ets-robinet.fr\/?page_id=123","og_locale":"fr_FR","og_type":"article","og_title":"Plancher chauffant - ETS -ROBINET","og_description":"Nous r\u00e9alisons des installations de plancher chauffant Multib\u00e9ton. Les tuyaux du plancher chauffant sont fix\u00e9s que des rails \u00e0 clips m\u00e9talliques simplement pos\u00e9 sur l&rsquo;isolant de sol ce qui permet une transmission de chaleur optimale tout en pr\u00e9servant l&rsquo;int\u00e9grit\u00e9 physique et donc la r\u00e9sistance thermique de l&rsquo;isolant.","og_url":"https:\/\/www.ets-robinet.fr\/?page_id=123","og_site_name":"ETS -ROBINET","article_modified_time":"2026-02-11T14:58:28+00:00","og_image":[{"width":267,"height":200,"url":"https:\/\/www.ets-robinet.fr\/wp-content\/uploads\/2019\/10\/IMGP0813.jpg","type":"image\/jpeg"}],"twitter_card":"summary_large_image","twitter_misc":{"Dur\u00e9e de lecture estim\u00e9e":"2 minutes"},"schema":{"@context":"https:\/\/schema.org","@graph":[{"@type":"WebPage","@id":"https:\/\/www.ets-robinet.fr\/?page_id=123","url":"https:\/\/www.ets-robinet.fr\/?page_id=123","name":"Plancher chauffant - ETS -ROBINET","isPartOf":{"@id":"https:\/\/www.ets-robinet.fr\/#website"},"primaryImageOfPage":{"@id":"https:\/\/www.ets-robinet.fr\/?page_id=123#primaryimage"},"image":{"@id":"https:\/\/www.ets-robinet.fr\/?page_id=123#primaryimage"},"thumbnailUrl":"https:\/\/www.ets-robinet.fr\/wp-content\/uploads\/2019\/10\/IMGP0813.jpg","datePublished":"2019-10-19T00:49:36+00:00","dateModified":"2026-02-11T14:58:28+00:00","breadcrumb":{"@id":"https:\/\/www.ets-robinet.fr\/?page_id=123#breadcrumb"},"inLanguage":"fr-FR","potentialAction":[{"@type":"ReadAction","target":["https:\/\/www.ets-robinet.fr\/?page_id=123"]}]},{"@type":"ImageObject","inLanguage":"fr-FR","@id":"https:\/\/www.ets-robinet.fr\/?page_id=123#primaryimage","url":"https:\/\/www.ets-robinet.fr\/wp-content\/uploads\/2019\/10\/IMGP0813.jpg","contentUrl":"https:\/\/www.ets-robinet.fr\/wp-content\/uploads\/2019\/10\/IMGP0813.jpg","width":267,"height":200},{"@type":"BreadcrumbList","@id":"https:\/\/www.ets-robinet.fr\/?page_id=123#breadcrumb","itemListElement":[{"@type":"ListItem","position":1,"name":"Accueil","item":"https:\/\/www.ets-robinet.fr\/"},{"@type":"ListItem","position":2,"name":"Plancher chauffant"}]},{"@type":"WebSite","@id":"https:\/\/www.ets-robinet.fr\/#website","url":"https:\/\/www.ets-robinet.fr\/","name":"ETS -ROBINET","description":"L&#039;\u00e9nergie est notre avenir, \u00e9conomisons la","potentialAction":[{"@type":"SearchAction","target":{"@type":"EntryPoint","urlTemplate":"https:\/\/www.ets-robinet.fr\/?s={search_term_string}"},"query-input":{"@type":"PropertyValueSpecification","valueRequired":true,"valueName":"search_term_string"}}],"inLanguage":"fr-FR"}]}},"_links":{"self":[{"href":"https:\/\/www.ets-robinet.fr\/index.php?rest_route=\/wp\/v2\/pages\/123","targetHints":{"allow":["GET"]}}],"collection":[{"href":"https:\/\/www.ets-robinet.fr\/index.php?rest_route=\/wp\/v2\/pages"}],"about":[{"href":"https:\/\/www.ets-robinet.fr\/index.php?rest_route=\/wp\/v2\/types\/page"}],"author":[{"embeddable":true,"href":"https:\/\/www.ets-robinet.fr\/index.php?rest_route=\/wp\/v2\/users\/1"}],"replies":[{"embeddable":true,"href":"https:\/\/www.ets-robinet.fr\/index.php?rest_route=%2Fwp%2Fv2%2Fcomments&post=123"}],"version-history":[{"count":2,"href":"https:\/\/www.ets-robinet.fr\/index.php?rest_route=\/wp\/v2\/pages\/123\/revisions"}],"predecessor-version":[{"id":236,"href":"https:\/\/www.ets-robinet.fr\/index.php?rest_route=\/wp\/v2\/pages\/123\/revisions\/236"}],"wp:attachment":[{"href":"https:\/\/www.ets-robinet.fr\/index.php?rest_route=%2Fwp%2Fv2%2Fmedia&parent=123"}],"curies":[{"name":"wp","href":"https:\/\/api.w.org\/{rel}","templated":true}]}}